 prime factors of z?
5, 647
Suppose -h + 0 + 7 = 0. Suppose a + h = 6. Let y(r) = -22*r**3 + 2*r**2 + 2*r + 1. List the prime factors of y(a).
23
Suppose 3*h - 3*v + 0*v = 8370, -v = 2*h - 5595. What are the prime factors of h?
5, 13, 43
Let r(p) = 107*p + 1. Let m(o) = -106*o. Let h(u) = -2*m(u) - 3*r(u). What are the prime factors of h(-1)?
2, 53
Let x(h) = -7*h - 16. Let w be (-2)/((-2)/32*-4). List the prime factors of x(w).
2, 5
Let n(z) be the third derivative of -z**6/120 + z**5/5 + z**4/6 + z**3/2 - 36*z**2. What are the prime factors of n(10)?
3
What are the prime factors of ((-618)/10)/((-1)/10)?
2, 3, 103
Suppose 1665 = 6*c - 141. Let x = 444 - c. What are the prime factors of x?
11, 13
Let s be (-3)/75*-5*15. Suppose 0 = 2*z - s*z + 26. List the prime factors of z.
2, 13
What are the prime factors of (-85593)/(-24) - (-335)/536?
3, 29, 41
Let z = 891 - 118. What are the prime factors of z?
773
Suppose -c + 14 = 3*g, 2*g + 0*g - 3*c - 13 = 0. Suppose 0 = -g*y + 527 - 177. Let d = y + -36. List the prime factors of d.
2, 17
Let h = 14 + -9. Let b(v) = v**2 - 5*v + 3. Let f be b(h). Let l(t) = t**3 - 3*t + 2. What are the prime factors of l(f)?
2, 5
Let x = -5740 - -3045. List the prime factors of ((-4)/5 - 0)/(22/x).
2, 7
Suppose 4*a + g - 744 = -3*g, 744 = 4*a - 5*g. List the prime factors of a.
2, 3, 31
Suppose f - 4*f + 432 = 0. Suppose -32 - f = -2*b. What are the prime factors of b?
2, 11
Let v(w) be the second derivative of w**7/2520 + w**6/90 + w**5/60 + w**4/2 - w. Let r(m) be the third derivative of v(m). What are the prime factors of r(-8)?
2
Suppose -3*p = p + 4*j + 356, -5*j = -p - 65. Let f = -26 - p. What are the prime factors of f?
59
Suppose -5*t = -2*t + 2*z - 1, 0 = t - 2*z - 11. Suppose 293 = 5*s + t*b, -2*b - 3*b = s - 41. What are the prime factors of s?
61
List the prime factors of 2/(-4)*5/(15/(-1764)).
2, 3, 7
Suppose 5*a - a = s - 119, -a - 1 = 0. Suppose -84 - 41 = -2*n + z, -z + s = 2*n. List the prime factors of n.
2, 3, 5
Let f(p) = -p**3 - 12*p**2 - 18*p - 17. Let x be f(-11). Suppose x = -3*v + 2*v. List the prime factors of v/(-1) + 8/8.
61
Suppose -12 = -6*v + 3*v. Suppose -5*b = -v*b - 78. What are the prime factors of b?
2, 3, 13
Suppose -5*n = -15, 4*h = 4*n - 34 - 38. Let o = 33 - h. Suppose -2*t + d = -o, t - 79 = -2*t + 5*d. What are the prime factors of t?
23
Let f = 302 - 174. Suppose -3*x = -5*u - 391, -x + 6*u = 2*u - f. List the prime factors of x.
2, 3, 11
Suppose 3 = 2*q + i - 9, -40 = -3*q + 4*i. Let x be (-1064)/(-399)*(82/4 + -1). What are the prime factors of q/x - (-1203)/39?
31
Suppose 0 = 4*n + 3*f - 51, -3*n - 4*f + 63 = 2*n. Suppose u + n = 80. What are the prime factors of u?
5, 13
Let h(y) = y**2 + 4*y - 5. Let x be h(-5). Suppose 0*d + 2*d = x. Suppose d = f + 5*z - 20, 0 = -4*f - f - z + 124. List the prime factors of f.
5
Let v(c) = 464*c**2 - 6*c - 7. What are the prime factors of v(-1)?
463
Let z be 2*(-2)/2*-6. Let d be ((-15)/(-9))/((-2)/(-6) - 0). Suppose -3*s + z = o - s, -3*o + d*s = -47. What are the prime factors of o?
2, 7
List the prime factors of (6 - 8 - (-776 + 1)) + 4.
3, 7, 37
Suppose -7 = -2*k - 3*g, -6 = -k - 4*g - 0*g. Let q(x) = -4*x + x - k*x + 5. What are the prime factors of q(-5)?
2, 3, 5
Let j(q) = 4*q**3 + 9*q**2 - 37*q + 228. What are the prime factors of j(9)?
2, 3, 5, 59
Suppose 3*m + 425 + 94 = 2*a, 1008 = 4*a + 4*m. What are the prime factors of a?
3, 5, 17
Suppose -7*q + q + 13164 = 0. Suppose 0 = 2*c + 256 + q. What are the prime factors of c/(-28) - (-6)/(-8)?
43
Let n(g) be the first derivative of -15*g**4/4 - g**3 - 2*g**2 + g + 16. What are the prime factors of n(-2)?
3, 13
Let g be 4*(6/3 - 0). Suppose 2*i + 2*b - 70 = 0, 3*b - g*b - 10 = 0. List the prime factors of i.
37
Suppose -596 + 236 = -15*k. What are the prime factors of k?
2, 3
Let j = -15 + 17. Suppose -x - 5*m + 25 = 0, j*x + 6 + 14 = 4*m. Suppose -2*o + 13 + 19 = x. List the prime factors of o.
2
Let q(f) = f - 1. Let n be q(2). What are the prime factors of ((-4)/(-16))/(n/892 + 0)?
223
Let k be (7 + -3 + -3)*2. Suppose -135 = -3*c + 5*h, -2*c + 6*c - 194 = k*h. Suppose 4*r - c = 2*o, 3*o = 2*r + 7*o - 10. What are the prime factors of r?
11
Let z be 5 - (-2 + (2 - -2)). Suppose -6*f + 231 = -z*f. List the prime factors of f.
7, 11
Let s(q) be the third derivative of -q**6/30 - q**5/10 - q**4/8 + 3*q**3/2 + 43*q**2. What are the prime factors of s(-4)?
181
Suppose -4*n + 1594 = 5*z - 3*z, -1 = z. List the prime factors of n.
3, 7, 19
Suppose 0 = 57*j - 9936 - 21414. List the prime factors of j.
2, 5, 11
Let g(x) = x**3 - 13*x**2 - 24. Let l be g(11). Let n = l - -418. What are the prime factors of n?
2, 19
List the prime factors of (14232/(-40) + -5)*(1 - 6).
2, 11, 41
Let u = -2980 - -6504. What are the prime factors of u?
2, 881
Let w be 0/8 + (-2 - -4). Suppose -2*o + 22 = 3*r, -o - 9 = r - w*r. List the prime factors of r.
2
Let v = 1208 - 559. What are the prime factors of v?
11, 59
Let f be (-243)/3*2/(-6). Suppose 5*c - 6*c = -9. Let h = f + c. List the prime factors of h.
2, 3
List the prime factors of -2*25/(-10) - -982.
3, 7, 47
Suppose -4*z + 6*z - 4 = 0, m + 2*z - 2218 = 0. What are the prime factors of m?
2, 3, 41
Let i be (-6678)/(-45) - 2/5. Let l = i - -44. Suppose 5*c = k + l - 40, -5*k + 15 = 0. What are the prime factors of c?
31
Let v(d) = 2*d**2 - 6*d - 2. Let m be v(-5). Let o(p) = p**3 + 2*p**2 + p - 1. Let g be o(-3). Let u = m + g. What are the prime factors of u?
5, 13
Suppose 2*b = 15*b - 2054. What are the prime factors of b?
2, 79
Let n(m) = 2*m**3 - 11*m**2 - 6*m + 10. Let f be n(7). Let k = f - 194. Let d = -36 - k. List the prime factors of d.
43
Let d(o) = o**2 + 8*o + 9. Let c be d(-7). Suppose -n + 3*w + 84 = -3, 158 = c*n - 2*w. What are the prime factors of n?
3, 5
Let l(y) = 3*y - 2. Let m be l(-2). Let w = -5 - m. Suppose p + 20 = w*p. What are the prime factors of p?
2, 5
Suppose -13*j = 1 + 77. What are the prime factors of (9/j)/((-4)/(-208)*-6)?
13
Let s = -7 + 13. Suppose 3*j + s = 4*j + 4*d, 9 = -3*d. Let h = -9 + j. What are the prime factors of h?
3
Let t(n) = 2*n**2 + 6*n - 16. Let s(x) = -2*x**2 + 6. Let h be s(3). List the prime factors of t(h).
2, 5
Suppose 0 = -12*i - 11*i + 7337. What are the prime factors of i?
11, 29
Suppose 15 = 7*g - 20. Suppose 0 = g*j - 124 - 16. What are the prime factors of j?
2, 7
Let j be 186 + 4 + (2 - 2). Let h = -119 + j. What are the prime factors of h?
71
Suppose -24*k - 4676 = -17996. What are the prime factors of k?
3, 5, 37
Let k = 16 + -12. Suppose 0 = -3*i + k*i - 2. Suppose i*q - 67 = -j, -140 = -4*q + 2*j + 2*j. What are the prime factors of q?
2, 17
Let i(b) = 4*b**2 - 6*b - 6. Let x be i(5). Suppose -5*p + x = -201. What are the prime factors of p?
53
Let b be ((-20)/16*1)/(2/(-8)). Suppose -115 = b*p - 6*p. What are the prime factors of p?
5, 23
List the prime factors of (-1)/(-6) - 21050/(-60).
3, 13
Let j = -3 + 3. Suppose 4*r = -2*i + 4, j = i + 6*r - r + 4. Let f(n) = n**2 - 6*n + 4. What are the prime factors of f(i)?
2
Let b = 74 + -18. Let j = -7 + b. What are the prime factors of j?
7
Suppose 0 = 5*b + 5*f - 60, -4*b - 4*f = b - 58. Suppose -1494 = -b*o + o. What are the prime factors of o?
2, 83
What are the prime factors of -19 + 19 - (-6796)/4?
1699
Suppose 0 = -c + 25*c - 11424. What are the prime factors of c?
2, 7, 17
Let d = 545 - 31. List the prime factors of d.
2, 257
Suppose -4*x = -x - 6. Let b(s) = -2*s + 5. Let k(f) = -f - 1. Let a(p) = -b(p) - 4*k(p). List the prime factors of a(x).
11
What are the prime factors of ((-14)/21)/(2/(-2955)) - -5?
2, 3, 5, 11
Suppose 2*t - 9 = -5. Suppose -4*i + 70 = -2*r, t*r - 89 = -5*i + 3*r. What are the prime factors of i?
2, 3
Let z(o) = -2*o + 8. Let s be z(12). Let y = s - -41. What are the prime factors of y?
5
Let u(s) = 64*s. Let d(y) = 16*y. Let i(x) = -9*d(x) + 2*u(x). Let w be i(-2). Suppose 0 = -4*m + w + 40. What are the prime factors of m?
2, 3
Suppose 2*d + 5*t = -d + 22, 2*d = -t + 24. Let g be 48/28 - (-4)/d. List the prime factors of ((-31)/g)/((-1)/2).
31
Let c = -17 - -17. Suppose c = -h + 7*h - 30. List the prime factors of h.
5
Suppose 5*n = -3*q - 41, 0*q + q + 27 = n. Let u(s) = -2*s + 21. List the